{"id":1432,"date":"1989-09-01T11:10:44","date_gmt":"1989-09-01T15:10:44","guid":{"rendered":"https:\/\/boutique.basicbruegel.ca\/?post_type=product&#038;p=1432"},"modified":"2025-12-16T16:58:21","modified_gmt":"2025-12-16T20:58:21","slug":"les-bibelots-de-tungstene-1989","status":"publish","type":"product","link":"https:\/\/boutique.basicbruegel.ca\/index.php\/product\/les-bibelots-de-tungstene-1989\/","title":{"rendered":"Les bibelots de tungst\u00e8ne (1989)"},"content":{"rendered":"<div class=\"wp-block-button\"><\/div>\n<div class=\"wp-block-button\">Michel Henry \u00e9diteur<\/div>\n<div class=\"wp-block-button\">\n<div class=\"page\" title=\"Page 6\">\n<div class=\"layoutArea\">\n<div class=\"column\">\n<div class=\"page\" title=\"Page 6\">\n<div class=\"layoutArea\">\n<div class=\"column\">\n<p>ISBN 2-89368-014-3<\/p>\n<\/div>\n<\/div>\n<\/div>\n<\/div>\n<\/div>\n<\/div>\n<\/div>\n<div class=\"wp-block-button\">6 po x 9 po &#8211; 64 pp<\/div>\n<div class=\"wp-block-button\">Date de parution : 1989<\/div>\n<div class=\"wp-block-button\">Po\u00e9sie<\/div>\n<div><\/div>\n<div><a href=\"https:\/\/i0.wp.com\/boutique.basicbruegel.ca\/wp-content\/uploads\/2025\/11\/graph_simi_1.png?ssl=1\"><img data-recalc-dims=\"1\" fetchpriority=\"high\" decoding=\"async\" class=\"alignnone wp-image-1435 size-medium\" src=\"https:\/\/i0.wp.com\/boutique.basicbruegel.ca\/wp-content\/uploads\/2025\/11\/graph_simi_1.png?resize=300%2C300&#038;ssl=1\" alt=\"\" width=\"300\" height=\"300\" srcset=\"https:\/\/i0.wp.com\/boutique.basicbruegel.ca\/wp-content\/uploads\/2025\/11\/graph_simi_1.png?resize=300%2C300&amp;ssl=1 300w, https:\/\/i0.wp.com\/boutique.basicbruegel.ca\/wp-content\/uploads\/2025\/11\/graph_simi_1.png?resize=150%2C150&amp;ssl=1 150w, https:\/\/i0.wp.com\/boutique.basicbruegel.ca\/wp-content\/uploads\/2025\/11\/graph_simi_1.png?resize=768%2C768&amp;ssl=1 768w, https:\/\/i0.wp.com\/boutique.basicbruegel.ca\/wp-content\/uploads\/2025\/11\/graph_simi_1.png?resize=650%2C650&amp;ssl=1 650w, https:\/\/i0.wp.com\/boutique.basicbruegel.ca\/wp-content\/uploads\/2025\/11\/graph_simi_1.png?resize=600%2C600&amp;ssl=1 600w, https:\/\/i0.wp.com\/boutique.basicbruegel.ca\/wp-content\/uploads\/2025\/11\/graph_simi_1.png?resize=100%2C100&amp;ssl=1 100w, https:\/\/i0.wp.com\/boutique.basicbruegel.ca\/wp-content\/uploads\/2025\/11\/graph_simi_1.png?w=960&amp;ssl=1 960w\" sizes=\"(max-width: 300px) 100vw, 300px\" \/><\/a><\/div>\n","protected":false},"excerpt":{"rendered":"<p>Daniel H. Dugas<br \/>\nDate : 1989<br \/>\nPaper : $ 7.00<\/p>\n<p>64 pages<\/p>\n<div class=\"page\" title=\"Page 1\">\n<div class=\"section\">\n<div class=\"layoutArea\">\n<div class=\"column\">\n<div class=\"page\" title=\"Page 1\">\n<div class=\"layoutArea\">\n<div class=\"column\">\n<div class=\"page\" title=\"Page 1\">\n<div class=\"section\">\n<div class=\"layoutArea\">\n<div class=\"column\">\n<p>Ce recueil qui d\u00e9crit une atmosph\u00e8re de fin du monde est habit\u00e9 par l\u2019urgence dans une qu\u00eate \u00ab \u00e0 la recherche des Hommes pour pouvoir conna\u00eetre \/ la fin des solitudes \u00e9ternelles \/ qui nous habitent \u00e9ternellement \u00bb. David Lonergan<\/p>\n<\/div>\n<\/div>\n<\/div>\n<\/div>\n<\/div>\n<\/div>\n<\/div>\n<\/div>\n<\/div>\n<\/div>\n<\/div>\n","protected":false},"featured_media":1436,"comment_status":"open","ping_status":"closed","template":"","meta":{"_uag_custom_page_level_css":""},"product_brand":[],"product_cat":[34,38,36],"product_tag":[],"class_list":{"0":"post-1432","1":"product","2":"type-product","3":"status-publish","4":"has-post-thumbnail","6":"product_cat-books-livres","7":"product_cat-daniel-h-dugas","8":"product_cat-poems","9":"product_shipping_class-books-livres-chapbooks","10":"new","12":"first","13":"instock","14":"sale","15":"taxable","16":"shipping-taxable","17":"purchasable","18":"product-type-simple"},"uagb_featured_image_src":{"full":["https:\/\/i0.wp.com\/boutique.basicbruegel.ca\/wp-content\/uploads\/2025\/11\/Bibelots-de-tungstene-FRONT-SM-WEB.jpg?fit=808%2C1200&ssl=1",808,1200,false],"thumbnail":["https:\/\/i0.wp.com\/boutique.basicbruegel.ca\/wp-content\/uploads\/2025\/11\/Bibelots-de-tungstene-FRONT-SM-WEB.jpg?resize=150%2C150&ssl=1",150,150,true],"medium":["https:\/\/i0.wp.com\/boutique.basicbruegel.ca\/wp-content\/uploads\/2025\/11\/Bibelots-de-tungstene-FRONT-SM-WEB.jpg?fit=202%2C300&ssl=1",202,300,true],"medium_large":["https:\/\/i0.wp.com\/boutique.basicbruegel.ca\/wp-content\/uploads\/2025\/11\/Bibelots-de-tungstene-FRONT-SM-WEB.jpg?fit=768%2C1141&ssl=1",768,1141,true],"large":["https:\/\/i0.wp.com\/boutique.basicbruegel.ca\/wp-content\/uploads\/2025\/11\/Bibelots-de-tungstene-FRONT-SM-WEB.jpg?fit=689%2C1024&ssl=1",689,1024,true],"1536x1536":["https:\/\/i0.wp.com\/boutique.basicbruegel.ca\/wp-content\/uploads\/2025\/11\/Bibelots-de-tungstene-FRONT-SM-WEB.jpg?fit=808%2C1200&ssl=1",808,1200,true],"2048x2048":["https:\/\/i0.wp.com\/boutique.basicbruegel.ca\/wp-content\/uploads\/2025\/11\/Bibelots-de-tungstene-FRONT-SM-WEB.jpg?fit=808%2C1200&ssl=1",808,1200,true],"qi_addons_for_elementor_image_size_square":["https:\/\/i0.wp.com\/boutique.basicbruegel.ca\/wp-content\/uploads\/2025\/11\/Bibelots-de-tungstene-FRONT-SM-WEB.jpg?resize=650%2C650&ssl=1",650,650,true],"qi_addons_for_elementor_image_size_landscape":["https:\/\/i0.wp.com\/boutique.basicbruegel.ca\/wp-content\/uploads\/2025\/11\/Bibelots-de-tungstene-FRONT-SM-WEB.jpg?resize=808%2C650&ssl=1",808,650,true],"qi_addons_for_elementor_image_size_portrait":["https:\/\/i0.wp.com\/boutique.basicbruegel.ca\/wp-content\/uploads\/2025\/11\/Bibelots-de-tungstene-FRONT-SM-WEB.jpg?resize=650%2C1200&ssl=1",650,1200,true],"qi_addons_for_elementor_image_size_huge-square":["https:\/\/i0.wp.com\/boutique.basicbruegel.ca\/wp-content\/uploads\/2025\/11\/Bibelots-de-tungstene-FRONT-SM-WEB.jpg?resize=808%2C1200&ssl=1",808,1200,true],"roux_core_image_size_square":["https:\/\/i0.wp.com\/boutique.basicbruegel.ca\/wp-content\/uploads\/2025\/11\/Bibelots-de-tungstene-FRONT-SM-WEB.jpg?resize=650%2C650&ssl=1",650,650,true],"roux_core_image_size_landscape":["https:\/\/i0.wp.com\/boutique.basicbruegel.ca\/wp-content\/uploads\/2025\/11\/Bibelots-de-tungstene-FRONT-SM-WEB.jpg?resize=808%2C650&ssl=1",808,650,true],"roux_core_image_size_portrait":["https:\/\/i0.wp.com\/boutique.basicbruegel.ca\/wp-content\/uploads\/2025\/11\/Bibelots-de-tungstene-FRONT-SM-WEB.jpg?resize=650%2C1200&ssl=1",650,1200,true],"roux_core_image_size_huge-square":["https:\/\/i0.wp.com\/boutique.basicbruegel.ca\/wp-content\/uploads\/2025\/11\/Bibelots-de-tungstene-FRONT-SM-WEB.jpg?resize=808%2C1200&ssl=1",808,1200,true],"woocommerce_thumbnail":["https:\/\/i0.wp.com\/boutique.basicbruegel.ca\/wp-content\/uploads\/2025\/11\/Bibelots-de-tungstene-FRONT-SM-WEB.jpg?fit=300%2C446&ssl=1",300,446,true],"woocommerce_single":["https:\/\/i0.wp.com\/boutique.basicbruegel.ca\/wp-content\/uploads\/2025\/11\/Bibelots-de-tungstene-FRONT-SM-WEB.jpg?fit=600%2C891&ssl=1",600,891,true],"woocommerce_gallery_thumbnail":["https:\/\/i0.wp.com\/boutique.basicbruegel.ca\/wp-content\/uploads\/2025\/11\/Bibelots-de-tungstene-FRONT-SM-WEB.jpg?resize=100%2C100&ssl=1",100,100,true]},"uagb_author_info":{"display_name":"admin","author_link":"https:\/\/boutique.basicbruegel.ca\/index.php\/author\/"},"uagb_comment_info":0,"uagb_excerpt":"Daniel H. Dugas Date : 1989 Paper : $ 7.00 64 pages Ce recueil qui d\u00e9crit une atmosph\u00e8re de fin du monde est habit\u00e9 par l\u2019urgence dans une qu\u00eate \u00ab \u00e0 la recherche des Hommes pour pouvoir conna\u00eetre \/ la fin des solitudes \u00e9ternelles \/ qui nous habitent \u00e9ternellement \u00bb. David Lonergan","jetpack_sharing_enabled":true,"_links":{"self":[{"href":"https:\/\/boutique.basicbruegel.ca\/index.php\/wp-json\/wp\/v2\/product\/1432","targetHints":{"allow":["GET"]}}],"collection":[{"href":"https:\/\/boutique.basicbruegel.ca\/index.php\/wp-json\/wp\/v2\/product"}],"about":[{"href":"https:\/\/boutique.basicbruegel.ca\/index.php\/wp-json\/wp\/v2\/types\/product"}],"replies":[{"embeddable":true,"href":"https:\/\/boutique.basicbruegel.ca\/index.php\/wp-json\/wp\/v2\/comments?post=1432"}],"wp:featuredmedia":[{"embeddable":true,"href":"https:\/\/boutique.basicbruegel.ca\/index.php\/wp-json\/wp\/v2\/media\/1436"}],"wp:attachment":[{"href":"https:\/\/boutique.basicbruegel.ca\/index.php\/wp-json\/wp\/v2\/media?parent=1432"}],"wp:term":[{"taxonomy":"product_brand","embeddable":true,"href":"https:\/\/boutique.basicbruegel.ca\/index.php\/wp-json\/wp\/v2\/product_brand?post=1432"},{"taxonomy":"product_cat","embeddable":true,"href":"https:\/\/boutique.basicbruegel.ca\/index.php\/wp-json\/wp\/v2\/product_cat?post=1432"},{"taxonomy":"product_tag","embeddable":true,"href":"https:\/\/boutique.basicbruegel.ca\/index.php\/wp-json\/wp\/v2\/product_tag?post=1432"}],"curies":[{"name":"wp","href":"https:\/\/api.w.org\/{rel}","templated":true}]}}